-856. Calculate the remainder when d is divided by 102.
95
Suppose z = -w + 20, -6*z + 3*z = 2*w - 56. Calculate the remainder when z is divided by 9.
7
Let y(v) = -v**3 - 16*v**2 - 5*v - 44. What is the remainder when 241 is divided by y(-16)?
25
Calculate the remainder when 23 + -29 + -157*(-1 - 0) is divided by 12.
7
What is the remainder when 6/(-36)*-538 + 2/(-3) is divided by 41?
7
Let t(n) = n**3 + 10*n**2 + 11*n + 3. Let g be t(-9). Calculate the remainder when 57 is divided by g + 19 - (-16)/1.
17
Let r be (-9)/(-2)*((-96)/(-18) + -2). Suppose -5*s + r = -15. Calculate the remainder when 33 is divided by s.
3
Suppose -13*s - 34*s = -423. Let t = -111 - -163. What is the remainder when t is divided by s?
7
Let d be (-172)/10*35/(-14). Suppose -4*s + 25 = -d. Calculate the remainder when 31 is divided by s.
14
Suppose -2*z - 10 = -34. Suppose 18 = i - z. What is the remainder when 58 is divided by i?
28
Let f(q) = 2*q + 19. Suppose -2*n = -2 - 2. Suppose -2*r = n*r + 24. What is the remainder when 34 is divided by f(r)?
6
Let a = 261 + -240. Calculate the remainder when 165 is divided by a.
18
Let z(d) = -25*d + 162. Calculate the remainder when z(-8) is divided by 120.
2
Suppose 0 = -5*l + 2*c - 10, l = -4*c - 6 + 4. Let g = 3 - 4. Calculate the remainder when (-99)/(-6) + g/l is divided by 10.
7
Let d(i) = i**2 + 5*i - 7. Let q be d(-5). Let m be 54/2 - (-7)/q. Let z = 0 + m. What is the remainder when 75 is divided by z?
23
Let h(y) = y**3 - 6*y**2 - y + 6. Let b be h(6). Let p(s) = s**3 - s**2 + s - 1. Let c be p(b). What is the remainder when 66 is divided by (c + (-84)/8)*-2?
20
Let y(h) = h**3 - 6*h + 2. Let s be (30/(-18))/((-1)/3). Suppose 21 = x + s*d, 0*x + 50 = 4*x + 3*d. What is the remainder when y(4) is divided by x?
9
Suppose -26 = -s + 3. Let b = -21 + s. Suppose 11*p = 4*p + 210. What is the remainder when p is divided by b?
6
What is the remainder when ((-542)/5)/((-190)/475) is divided by 16?
15
What is the remainder when 59 is divided by 5*((-196)/245)/(-3 + 1)?
1
Suppose 0 = -s, 4*l - s + 4*s = 28. Suppose t + l - 16 = 0. Calculate the remainder when (-1)/((-6)/16)*t is divided by 9.
6
Let d(s) = s**2 + 29*s - 232. What is the remainder when d(9) is divided by 77?
33
Suppose 65 = 2*p - 5*y, 2*p + 4*y = p. Let l(o) = 11*o - 9. Calculate the remainder when l(8) is divided by p.
19
Let o = -991 + 1683. What is the remainder when o is divided by 7?
6
Calculate the remainder when 163 is divided by 610/50 - (-18)/10.
9
What is the remainder when ((-100)/7)/(13 + (-1209)/91) is divided by 19?
12
Let t(j) be the first derivative of -j**2/2 - 6*j + 6. Let d(g) = -g**2 - 9*g - 4. Calculate the remainder when d(-6) is divided by t(-11).
4
Let m(s) = 12*s - 28. What is the remainder when 150 is divided by m(5)?
22
Let y(s) = s**2 - 3*s + 7. Suppose 3*j + 18 = -0*j. Let f = 48 + j. Calculate the remainder when f is divided by y(4).
9
Suppose -12*h = -5274 + 846. Calculate the remainder when h is divided by 10.
9
Suppose 0 = 2*n - 2 - 26. Let o be (n/5)/((-8)/(-20)). Suppose -3*p = -o*p + 64. What is the remainder when 61 is divided by p?
13
Suppose 40 = -5*j + 6*j. Let n = 13 - -13. Suppose n = 5*i - 29. What is the remainder when j is divided by i?
7
Let x(r) = r**3 + 7*r**2 + 2*r + 5. Suppose 3*m = -5*z - 243, -60 = 3*z - 4*m + 109. Let p = z - -67. Calculate the remainder when x(-6) is divided by p.
13
Let s = 941 + -889. Calculate the remainder when s is divided by 22.
8
Suppose -3*t + 18 = -6*t. What is the remainder when 39 is divided by (9/t)/((-3)/28)?
11
Let h be 651/63 + 2/(-6) + 0. Suppose 2*r + h = 0, -5*v + v = 5*r - 115. What is the remainder when v is divided by (2/4)/(2/36)?
8
Let g(n) = -3*n**2 - 7*n - 12. Let l be g(-5). Let j = l + 89. What is the remainder when 69 is divided by j?
32
Let z(y) = y**3 + 10*y**2 - 13*y - 3. Let i be z(-11). Let t = 26 - i. Suppose t = f - 2. What is the remainder when 14 is divided by f?
5
Suppose 2*b - o - 107 = 0, -4*b + b = 5*o - 141. Let n(z) = -z**2 - 4*z + 5. Let k be n(-7). Let i = -5 - k. What is the remainder when b is divided by i?
8
Let h(p) = 1 + 3*p**2 - 8*p - 4 + 4. Let y be h(6). Let s = y - 38. Calculate the remainder when s is divided by 6.
5
Let t(s) = 33*s - 227. What is the remainder when 921 is divided by t(10)?
97
Let n be (-13)/65 + 111/5. Let m = 26 - n. Suppose -m*u = 3*s - 15 - 34, -2*s - 4 = -u. What is the remainder when 38 is divided by u?
8
Calculate the remainder when 67 is divided by (-42)/9*((-183)/21 + 1).
31
Let b(l) = -l**3 - 2*l**2 - l + 240. Calculate the remainder when b(0) is divided by 122.
118
Let x be 1*(-2 - -43) - 1. Suppose -2*t = -4*p + t + 5, 0 = 4*p + 4*t - x. Calculate the remainder when 5 is divided by p.
0
Let c = -462 - -500. What is the remainder when 52 is divided by c?
14
Let u be ((-2)/(-11))/(14/77). Calculate the remainder when 153/5 + 6/15 is divided by u*-1 - 306/(-34).
7
Let i be (-2)/10 + (-77)/(-35). Let y be (i/6)/((-1)/(-9)). Calculate the remainder when 129 is divided by y/((0 + -4)/(-44)).
30
Let x = -13 + 19. Suppose -5 = -9*a + 4*a. What is the remainder when a/(-4) - 111/(-12) is divided by x?
3
Suppose 6*t - 60 = t. Let u = 18 - t. Suppose 40 = -f + u*f. What is the remainder when 13 is divided by f?
5
Let z(m) = m**2 + 19*m + 173. Calculate the remainder when 260 is divided by z(-12).
82
Let x = 16 - 25. Let h = -11 - x. What is the remainder when 11 is divided by 12*h*(-1)/4?
5
Suppose -116*w + 113*w + 24 = 0. Suppose -3*u - 2*b = -86, b + 40 + w = 2*u. What is the remainder when u is divided by 5?
1
Suppose 2*m - 13 = 5*r, -4*r - 6*m + 12 = -2*m. Suppose -29 = -2*s + 41. Calculate the remainder when 3 + -1 + r + s is divided by 10.
6
Let d(t) = 9*t - 481. What is the remainder when 72 is divided by d(58)?
31
Let o(l) = l**3 - 3*l**2 + 5*l - 3. Let f be (12/(-15))/(1/(-115)). Suppose 0 = 4*s - 0*s - f. Calculate the remainder when s is divided by o(3).
11
Let s(x) = 10*x**2 - 40*x - 41. What is the remainder when 76 is divided by s(-1)?
4
Let x = -1009 + 1021. What is the remainder when x is divided by 12?
0
Let p = 183 + -146. What is the remainder when 221 is divided by p?
36
Let h = -647 + 699. Suppose -141 = -7*n + 2*n + 2*s, 0 = -n + 3*s + 36. What is the remainder when h is divided by n?
25
Let d(r) = -r**3 + 6*r**2 + 30*r - 4. Calculate the remainder when d(9) is divided by 7.
2
Suppose 0 = y - 0*r - 5*r + 33, -5*y + 4*r = 60. What is the remainder when (-860)/1*2/y is divided by 27?
26
Let b(y) = y**3 + 17*y**2 + 42*y + 15. What is the remainder when 131 is divided by b(-14)?
11
Let o(c) = c**3 - 2*c + 1. Let b be o(1). Suppose 6*d = 11*d - 20. Suppose b = -0*m - d*m + 80. What is the remainder when 79 is divided by m?
19
Let k = -22 + 59. Suppose 0 = -12*s + 19*s - 504. Calculate the remainder when s is divided by k.
35
Suppose -5*h - 4*s - 40 = 0, 5*h + 5*s - 8 + 48 = 0. Let y = -21 - h. Calculate the remainder when 2/y - (-2816)/52 is divided by 14.
12
Suppose 1730*j = 1741*j - 154. Let x = -11 - -36. Calculate the remainder when x is divided by j.
11
Let l(t) = 2*t**3 - 25*t**2 - 5*t + 32. Calculate the remainder when l(13) is divided by 67.
2
Let h be 1*1/3*387 + -3. Suppose -14*n - h = -17*n. Calculate the remainder when 81 is divided by n.
39
Let u = -133 + 62. Let w = -18 - u. Calculate the remainder when w is divided by 19.
15
Let y(t) = 89*t + 3 - 80*t - 2. Suppose -q + 4 = q. What is the remainder when y(q) is divided by 7?
5
What is the remainder when ((-14)/6)/((-1)/144) is divided by 13?
11
Let z = 12 - 7. Suppose 3*q = z*q - 8. Calculate the remainder when 6 is divided by q.
2
Suppose -5*j - 717 = -3*m, 3*j = 14 - 5. Calculate the remainder when m is divided by 41.
39
Let y(a) = a**3 - a**2 - 7*a - 2. Let p be y(6). Suppose -4*r + 4 = -3*r, 4*l - p = 4*r. What is the remainder when 111 is divided by l?
35
Let a(y) = -2*y**2 - 20 - 10*y + 3*y**2 - 7*y + 22. What is the remainder when 4 is divided by a(17)?
0
Let p = 69 + -28. Calculate the remainder when 47 is divided by p.
6
Let m = 850 + -385. What is the remainder when m is divided by 78?
75
Let w(v) = -2*v**3 - 8*v**2 - 3*v - 5. Let s = -1608 - -1616. Calculate the remainder when w(-6) is divided by s.
5
Calculate the remain